actors of 13046940.
2, 3, 5, 37, 653
List the prime factors of 18632.
2, 17, 137
List the prime factors of 310037.
7, 13, 3407
What are the prime factors of 4718125?
5, 7549
List the prime factors of 116746.
2, 7, 31, 269
What are the prime factors of 23375586?
2, 3, 13, 19, 15773
List the prime factors of 1952557.
1952557
What are the prime factors of 17981754?
2, 3, 7, 428137
List the prime factors of 18494795.
5, 11, 163, 2063
What are the prime factors of 184821?
3, 7, 13, 677
List the prime factors of 2766231.
3, 13, 37, 71
What are the prime factors of 197895?
3, 5, 79, 167
What are the prime factors of 84932?
2, 17, 1249
List the prime factors of 2589629.
7, 369947
What are the prime factors of 5958?
2, 3, 331
What are the prime factors of 17608301?
17608301
What are the prime factors of 583682?
2, 11, 43, 617
List the prime factors of 1871786.
2, 7, 23, 5813
List the prime factors of 1330279.
73, 18223
What are the prime factors of 1074637?
61, 79, 223
List the prime factors of 418738.
2, 23, 9103
What are the prime factors of 846259?
846259
What are the prime factors of 735278?
2, 563, 653
What are the prime factors of 219250?
2, 5, 877
What are the prime factors of 6996430?
2, 5, 7, 127, 787
What are the prime factors of 947476?
2, 236869
What are the prime factors of 2774?
2, 19, 73
What are the prime factors of 148578?
2, 3, 24763
What are the prime factors of 105278?
2, 52639
List the prime factors of 1913643.
3, 212627
What are the prime factors of 326372?
2, 139, 587
What are the prime factors of 25747763?
31, 173, 4801
What are the prime factors of 1832857?
13, 140989
List the prime factors of 8543176.
2, 53, 20149
List the prime factors of 104749.
31, 109
List the prime factors of 4112456.
2, 514057
List the prime factors of 33354658.
2, 16677329
List the prime factors of 16318.
2, 41, 199
List the prime factors of 3809435.
5, 7, 31, 3511
What are the prime factors of 1522117?
23, 66179
What are the prime factors of 1829?
31, 59
What are the prime factors of 338541?
3, 7, 47
What are the prime factors of 14834795?
5, 17, 174527
What are the prime factors of 478375?
5, 43, 89
List the prime factors of 427496.
2, 53437
List the prime factors of 52317.
3, 5813
List the prime factors of 1224069.
3, 7, 11, 757
What are the prime factors of 101044?
2, 25261
List the prime factors of 2456143.
17, 144479
What are the prime factors of 209425?
5, 8377
What are the prime factors of 5511655?
5, 17, 61, 1063
What are the prime factors of 36978?
2, 3, 6163
What are the prime factors of 10208483?
17, 677, 887
What are the prime factors of 945000?
2, 3, 5, 7
List the prime factors of 563020.
2, 5, 28151
List the prime factors of 10459340.
2, 5, 157, 3331
List the prime factors of 1387129.
1387129
List the prime factors of 177994.
2, 88997
List the prime factors of 92802.
2, 3, 15467
List the prime factors of 3409679.
7, 13, 89, 421
List the prime factors of 12703231.
59, 215309
What are the prime factors of 1131280?
2, 5, 79, 179
What are the prime factors of 7848690?
2, 3, 5, 397, 659
List the prime factors of 67331.
11, 6121
What are the prime factors of 3798168?
2, 3, 11, 14387
List the prime factors of 419852.
2, 43, 2441
List the prime factors of 47891.
83, 577
What are the prime factors of 31699?
31699
List the prime factors of 1065661.
373, 2857
What are the prime factors of 87479?
7, 12497
List the prime factors of 3462304.
2, 257, 421
What are the prime factors of 2295420?
2, 3, 5, 67, 571
List the prime factors of 2339822.
2, 59, 79, 251
List the prime factors of 5599650.
2, 3, 5, 7, 5333
List the prime factors of 13632463.
13, 61, 17191
What are the prime factors of 1133290?
2, 5, 113329
List the prime factors of 465297.
3, 7, 22157
What are the prime factors of 102112?
2, 3191
List the prime factors of 12136536.
2, 3, 59, 2857
What are the prime factors of 4359095?
5, 13, 199, 337
List the prime factors of 10794186.
2, 3, 13, 163, 283
List the prime factors of 26289855.
3, 5, 53, 73, 151
What are the prime factors of 14788053?
3, 7, 33533
What are the prime factors of 3900403?
13, 197, 1523
What are the prime factors of 765692?
2, 107, 1789
What are the prime factors of 3662866?
2, 101, 18133
List the prime factors of 8649443.
11, 71483
List the prime factors of 311147.
31, 10037
List the prime factors of 18472194.
2, 3, 13, 78941
What are the prime factors of 22690002?
2, 3, 17, 47, 4733
What are the prime factors of 4803797?
4803797
List the prime factors of 222717.
3, 11, 17, 397
What are the prime factors of 97968?
2, 3, 13, 157
List the prime factors of 182850.
2, 3, 5, 23, 53
List the prime factors of 1591331.
7, 463, 491
What are the prime factors of 1805528?
2, 269, 839
What are the prime factors of 502445?
5, 317
List the prime factors of 3559837.
29, 122753
What are the prime factors of 4007584?
2, 7, 17891
What are the prime factors of 126928?
2, 7933
List the prime factors of 17932065.
3, 5, 23, 51977
What are the prime factors of 5096406?
2, 3, 7, 121343
List the prime factors of 48456.
2, 3, 673
List the prime factors of 4990850.
2, 5, 99817
List the prime factors of 554179.
554179
What are the prime factors of 10471387?
10471387
List the prime factors of 253155.
3, 5, 7, 2411
List the prime factors of 808571.
17, 47563
What are the prime factors of 198882?
2, 3, 29, 127
List the prime factors of 1999168.
2, 31237
List the prime factors of 1155808.
2, 19, 1901
What are the prime factors of 3142964?
2, 11, 61, 1171
List the prime factors of 352310.
2, 5, 7, 719
List the prime factors of 236351.
17, 13903
List the prime factors of 1210074.
2, 3, 41, 4919
List the prime factors of 139569.
3, 46523
What are the prime factors of 7209365?
5, 149, 9677
What are the prime factors of 3989315?
5, 11, 72533
List the prime factors of 2924933.
11, 23, 1051
What are the prime factors of 10346913?
3, 383219
List the prime factors of 14518550.
2, 5, 139, 2089
List the prime factors of 1389704.
2, 173713
What are the prime factors of 2353715?
5, 7, 13, 739
List the prime factors of 633484.
2, 158371
What are the prime factors of 125062?
2, 7, 8933
List the prime factors of 225143.
225143
What are the prime factors of 1227400?
2, 5, 17, 19
List the prime factors of 700843.
11, 13, 29
List the prime factors of 2259164.
2, 17, 33223
What are the prime factors of 2189503?
19, 115237
List the prime factors of 2669069.
13, 31, 37, 179
What are the prime factors of 785537?
785537
What are the prime factors of 10103691?
3, 13, 59, 4391
What are the prime factors of 2018961?
3, 7, 73, 439
What are the prime factors of 1587554?
2, 793777
What are the prime factors of 37934240?
2, 5, 237089
List the prime factors of 24127615.
5, 4825523
What are the prime factors of 4126905?
3, 5, 293, 313
What are the prime factors of 299769?
3, 99923
What are the prime factors of 447252?
2, 3, 13, 47, 61
What are the prime factors of 9136310?
2, 5, 17, 223, 241
List the prime factors of 450511.
43, 10477
What are the prime factors of 837754?
2, 37, 11321
List the prime factors of 649619.
649619
List the prime factors of 3357671.
1721, 1951
List the prime factors of 477385.
5, 307, 311
List the prime factors of 231900.
2, 3, 5, 773
List the prime factors of 205950.
2, 3, 5, 1373
What are the prime factors of 849223?
849223
What are the prime factors of 86370?
2, 3, 5, 2879
What are the prime factors of 1725301?
1725301
What are the prime factors of 265671?
3, 7, 4217
List the prime factors of 467432.
2, 7, 17, 491
What are the prime factors of 501468?
2, 3, 11, 29, 131
List the prime factors of 2475.
3, 5, 11
What are the prime factors of 3426042?
2, 3, 19, 41, 733
List the prime factors of 202233.
3, 67411
What are the prime factors of 271333?
271333
What are the prime factors of 4723203?
3, 1574401
What are the prime factors of 8591600?
2, 5, 47, 457
List the prime factors of 7456594.
2, 3728297
What are the prime factors of 381683?
239, 1597
What are the prime factors of 6363220?
2, 5, 318161
List the prime factors of 8989538.
2, 4494769
List the prime factors of 5428956.
2, 3, 13, 2677
List the prime factors of 160791.
3, 53597
List the prime factors of 219247.
7, 31321
What are the prime factors of 783074?
2, 391537
What are the prime factors of 1698